se 3*a - a - h = 0. Calculate the highest common factor of 32 and a.
8
Let f be (-1)/(-1) + 5/((-15)/(-141)). Let h(j) = 3*j**2 + 16 - j - 10*j - 2*j**2. Let s be h(11). What is the greatest common factor of s and f?
16
Suppose s + 5 = 0, -5*i + 0*s + 2*s + 105 = 0. Let q be (16 - i)*(-14 + -1). What is the greatest common divisor of q and 18?
9
Let s be (-1)/(-7) - 104/(-56). Let h be 1/(-2*s/44). Let l = 36 + h. Calculate the highest common factor of l and 75.
25
Let c = -1134 + 1630. Calculate the highest common factor of 16 and c.
16
Suppose 3*i - i + 7 = 5*x, i - 1 = x. Suppose i*p - 5 + 25 = 0. Let t(g) = 2*g**2 + 3*g - 5. Let l be t(p). Calculate the greatest common factor of l and 12.
6
Suppose -4*y = 16 + 16. Let n be -108*((-8)/24)/(y/(-18)). What is the greatest common factor of n and 18?
9
Suppose -5*y - 10 = -4*y. Let v be (-3 + (-42)/y)/((-8)/(-60)). What is the highest common divisor of 36 and v?
9
Let k be 20868/21 - (-4)/14. Suppose -4*w - 2*q + k = -q, 0 = -4*q - 8. Let n be (-4)/18 + w/27. Calculate the greatest common factor of 45 and n.
9
Suppose -32*q = -35*q + 1197. Calculate the greatest common factor of q and 21.
21
Let x(y) = -9*y**2 - 5*y - 8 - 4 - 5*y - y**3. Let r = 631 + -639. Let n be x(r). What is the greatest common divisor of n and 4?
4
Suppose 0*w = -10*w + 150. Suppose -4*u = 3*h - 16, 2*u = 4*h + 2 + 6. Suppose -s + 6 = -h. Calculate the greatest common divisor of w and s.
3
Let k be 5/(-2)*(2 - 10). Suppose 0 = p - 36 - 9. Suppose p = 4*q + 13. Calculate the greatest common factor of q and k.
4
Let x be ((-8)/18)/((-32)/144). Suppose 0*f - f = -x. Suppose f*h - 18 - 6 = 0. What is the greatest common divisor of 4 and h?
4
Suppose 193 + 327 = 10*i. Calculate the greatest common factor of 117 and i.
13
Suppose 3*p - 82 = -q, 0 = -3*p + 3*q + 66 + 24. Calculate the highest common factor of p and 77.
7
Suppose 2*m - 28 = -4*h, -3*h + 1 = 2*m - 21. Let i be 20/(-15)*(-9)/h. Calculate the highest common factor of 14 and i.
2
Let f = 45 - 36. What is the highest common factor of 21 and f?
3
Suppose -3*q - 3*t = 20 - 137, 0 = -2*t - 4. Suppose i + q = 2*a + 103, 0 = 4*i. Let c = -20 - a. What is the highest common divisor of c and 44?
11
Suppose 2*p - 58 = 4*c, -3 = -p - 5*c - 2. Suppose p = -0*n + 3*n. Calculate the highest common factor of 56 and n.
7
Let k(y) = y**3 - 3*y**2 + 16*y - 24. Let f be k(2). Suppose 0 = 5*t + 2*i - 138, -2*t = -t - 4*i - 32. Calculate the highest common divisor of f and t.
4
Suppose 3*l - 92 = -86. Let s be 12/(-10)*(-95)/l*3. Calculate the greatest common factor of s and 19.
19
Suppose -5*m + 0*y + 47 = -4*y, -1 = 2*m + 5*y. Let a be ((5/(-10))/(45/144))/(1/(-35)). Calculate the highest common factor of a and m.
7
Suppose -131*f = -90*f - 328. Calculate the greatest common factor of 2392 and f.
8
Let y = -9 + 10. Let u be (-5)/(-4)*(9 - y). Let l be ((-8)/(-10))/(u/225). Calculate the highest common divisor of l and 27.
9
Suppose d = 141 - 117. What is the highest common divisor of 4344 and d?
24
Suppose n + 4*z - 200 = 0, 33*n - 4*z = 29*n + 700. Calculate the highest common divisor of n and 378.
18
Suppose -4*s = y - 8 + 37, 0 = -3*s - 15. Let q be 58/(y/3 - -2). Let o = q + 108. What is the greatest common factor of o and 10?
10
Suppose 0 = -56*w + 2771 + 29. What is the highest common factor of w and 20?
10
Let f = -353 + 203. Let x = 180 - f. Let m(l) = 4*l**2 - l - 3. Let u be m(3). What is the greatest common divisor of x and u?
30
Suppose 2 = 3*u - 4. Suppose 3*i + 2*p = 44, -i + 10 = -p + u. What is the highest common divisor of 6 and i?
6
Suppose -62 = 90*g - 2672. Suppose 3*s - 5*n + 2*n - 426 = 0, -2*s + 299 = 3*n. Calculate the highest common divisor of s and g.
29
Let z be (-174)/(-11) + (-6)/(-33). Let y = -58 + 66. Suppose 0 = -3*d + y + z. What is the highest common factor of d and 20?
4
Let g(k) be the first derivative of k**4/4 - 7*k**3/3 - 2*k**2 + 6*k - 5. Let t be g(8). Let c = t + -23. Calculate the greatest common factor of c and 60.
15
Suppose -5*n + 104 = -76. Suppose -5*v + 60 = -0*v. Calculate the greatest common divisor of v and n.
12
Let p = 2521 + -2465. Calculate the highest common divisor of 189 and p.
7
Let g be 359/7 - 4/14. Let f be 0 + 30 + -3 + 2. Let t = f + 5. What is the greatest common divisor of t and g?
17
Suppose -4*c + 138 = 2*m, 3*m + 3*c = 2*c + 207. Calculate the highest common divisor of 161 and m.
23
Let i(f) = -f**2 + 5*f - 2. Let j = -11 + 14. Let l be i(j). What is the greatest common divisor of 44 and l?
4
Let w be (12/(-5))/((-4)/70). Let a(n) = -n**2 + 9*n - 5. Let g be a(7). Let y be 60/g + (-8)/12. Calculate the highest common divisor of y and w.
6
Let s(t) = 7*t + 43. Let j be s(0). What is the highest common factor of j and 172?
43
Suppose -b = -4*d + 12, -b = -6*b - 20. Suppose 5*y + 0*y + 10 = 0, -d*y = -2*l + 112. What is the highest common factor of 18 and l?
18
Let h = -39 + 75. What is the highest common divisor of h and 12?
12
Suppose u + 2*q + 2 + 0 = 0, -2*u + 3*q = 4. Let l be (u/(-4))/((-2)/(-8)). What is the highest common factor of 1 and l?
1
Let d be 14 - (9 - 154) - 16. Let i be (-1 - (0 - 1))/(-2). Let a(l) = l**3 + l**2 + 13. Let b be a(i). Calculate the greatest common divisor of b and d.
13
Suppose 1 + 5 = 3*a - 3*l, -3*a - 2*l + 6 = 0. Suppose a*h + 28 = 6*h. Calculate the highest common factor of 3 and h.
1
Let p(o) = 3*o - 9. Let i be -18*((-8)/(-3) + -3). Let l be p(i). Suppose 8*j = l*j - 84. Calculate the highest common factor of 12 and j.
12
Let b be (-2 + 23 + 6)*(-6)/(-2). Let y = -4 - -13. What is the greatest common divisor of b and y?
9
Let v be (-6)/(3 - 51/16). Suppose -20 = -3*d + 2*q, 2*d + q - 4*q - 20 = 0. What is the highest common factor of d and v?
4
Suppose -5*k = -26 + 6. Suppose -2*f = -2*l + 454, 0 = k*l - f - 96 - 806. Calculate the highest common factor of 25 and l.
25
Let u = -201 + 341. Calculate the highest common divisor of u and 80.
20
Let t be (-1 + (4 - 1))/(-1 - -2). Suppose t*x - 137 + 21 = 0. What is the highest common factor of x and 87?
29
Let v be (-2)/10 + 243/15. Let b = -44 - -99. Suppose 0 = -2*k + b + 169. Calculate the greatest common factor of k and v.
16
Let t(x) be the third derivative of 4*x**2 + 0*x + 1/8*x**4 - 1/3*x**3 + 1/60*x**5 + 0. Let c be t(-4). Calculate the highest common factor of 2 and c.
2
Suppose 7*s + 0*s = 833. Calculate the greatest common factor of 85 and s.
17
Let v = 595 + -364. Let s be (-1 + 3)*(-1 - -3). Let a be (s - 2)*21/2. Calculate the highest common divisor of v and a.
21
Let c(h) = 58*h**2 + 3*h + 2. Suppose 3 = 3*x + 81. Let u = x - -25. Let s be c(u). What is the highest common divisor of s and 38?
19
Let f = 175 + -145. Calculate the greatest common divisor of f and 20.
10
Let g be -17 - -19 - 75/(-3). What is the greatest common divisor of g and 117?
9
Let b(p) = p - 40. Let t be b(0). Let h = t + 46. What is the highest common factor of h and 3?
3
Suppose -o - 2*o + 15 = 0. Let q = 2 + 4. Suppose -8 = -10*s + q*s. Calculate the greatest common factor of s and o.
1
Let z = -18 - -29. Suppose -z*c + 215 + 1721 = 0. Calculate the highest common factor of c and 22.
22
Let c = -148 + 149. Calculate the greatest common divisor of c and 32.
1
Let y be (-25 - -35)*(-16)/5. Suppose 0 = -0*a - 3*a - 168. Let h = y - a. Calculate the highest common divisor of 3 and h.
3
Let c(m) = m**2 - 9*m - 2. Let a be c(9). Let j be (-2 - -4) + a/2. Let s be 1 + 14 + (3 - j). Calculate the greatest common factor of s and 85.
17
Let r be -10*(10/4 + -5). Calculate the greatest common factor of r and 375.
25
Suppose -458 = -w - 5*q, 0 = -w + 2*q + 218 + 254. What is the greatest common factor of 52 and w?
52
Let o = -430 - -435. Calculate the highest common divisor of o and 365.
5
Let o(r) = 2*r**2 - 123*r + 613. Let x be o(5). What is the greatest common factor of x and 108?
12
Suppose 14*a - 12*a - 6 = 0, a - 213 = -3*j. What is the highest common factor of j and 10?
10
Suppose -3 = -5*z + 7. Suppose 3*h = -b + 5, b + z*h = -0*b + 5. Let x(j) = 10*j - 5. Let r be x(5). What is the highest common factor of r and b?
5
Let v = -2837 + 4127. What is the greatest common factor of 30 and v?
30
Let p(o) be the second derivative of -o**4/12 + o**